ose -h*n - 38 = -178. What is the remainder when 64 is divided by n?
8
Let s = -228 - -509. Let t = 302 - s. What is the remainder when t is divided by 12?
9
Let y(t) = 7*t + 71. Calculate the remainder when 376 is divided by y(6).
37
What is the remainder when 1394 is divided by (-2 + 1022/21)/((-1)/(-3))?
134
Suppose v + 4*f - 120 = 0, 8*v = -8*f + 4*f + 1016. What is the remainder when v is divided by 20?
8
What is the remainder when -4 + 45220/57*18/5 is divided by 47?
32
Let g be 3*9/((-135)/(-10)). Suppose g*y = -5*c + 129, y - 5*y + 58 = 2*c. Suppose 5*z - c - 30 = 0. Calculate the remainder when 20 is divided by z.
9
Suppose 2*p + 2*o - 26 = 0, -o = -4*p + 2*o + 45. Calculate the remainder when 6/(-4)*-2*p is divided by 13.
10
Suppose 3*i - 742 = 7*z, 41*i + 5*z - 262 = 40*i. What is the remainder when i is divided by 74?
30
Let j be ((-1)/1)/(3/3). Let y(g) = 104*g**2 + g + 1. What is the remainder when y(j) is divided by 535/(-50)*-2 + 12/(-30)?
20
Suppose 6*u = 11*u - 325. Suppose 4*m + 4*q = 72, 2*q = -6*m + m + 87. Calculate the remainder when u is divided by m.
14
Let i(u) = -2*u**2 + 28*u - 26. Let f(w) = w**2 - 14*w + 13. Let s(j) = -13*f(j) - 6*i(j). Calculate the remainder when 188 is divided by s(9).
28
Let y(d) = -11*d**3 - 10 + 2*d**3 + 10*d**3 - d**2 - d**2 + 18*d. Let j be y(8). Calculate the remainder when 8/36 + j/18 is divided by 13.
3
Let x = 2892 - 2486. Calculate the remainder when x is divided by 154.
98
Let a be (-435)/(-58)*(0 + (-20)/(-3)). Suppose 2*u - 18 = a. Calculate the remainder when 102 is divided by u.
0
Let a = -23782 + 23866. Calculate the remainder when 228 is divided by a.
60
Suppose -17*r - 90 = -15*r. Let a = r + 49. Suppose a*p + 168 = 7*p. What is the remainder when p is divided by 20?
16
Let v = -841 - -845. Suppose -11 = -4*r + 5, -7 = -5*s + 2*r. Let y = s - -8. Calculate the remainder when y is divided by v.
3
Suppose 2292 = -24*c + 3708. Let g be (1 + 3)*(-5)/(-4). Suppose -2*b = -g*b + 96. What is the remainder when c is divided by b?
27
Suppose 3*h + s - 400 = 0, -3*h = -2*s + 10 - 416. Suppose 36 = 17*o - h. What is the remainder when o is divided by 4?
2
Let h = -1 - -1. Suppose h = m + m - 156. Let p(s) = -1199*s + 4812. Calculate the remainder when m is divided by p(4).
14
Let x(y) = 257*y**2 - 3*y + 4. What is the remainder when x(1) is divided by 3?
0
Let s(g) = -g**3 - 6*g**2 - 7*g - 8. Calculate the remainder when (-40284)/(-132) - (-4)/(-22) is divided by s(-6).
33
Let x(a) = -4*a**2 - 3*a + a**3 - a + 1 + 3. What is the remainder when (-1)/(((-180)/(-10))/(-252)) is divided by x(5)?
5
What is the remainder when 4/(-22) + 320790/407 is divided by 72?
68
Let c = -2205 + 2248. What is the remainder when c is divided by 24?
19
Suppose k = -k + 92. Let z be (-5)/1 - (56/7 + 255). Let x = 285 + z. What is the remainder when k is divided by x?
12
Suppose 2*f - 13 = -16*t + 13*t, 5*t - f = 13. Calculate the remainder when 50 is divided by (-63)/14*(-18)/t.
23
Let x(z) = 6*z**3 + 139*z**2 + 4*z - 15. Let q be x(-23). Let k = q - 373. Let b = 62 + -44. What is the remainder when k is divided by b?
13
Let w(g) be the third derivative of -g**5/60 - 29*g**4/24 + 17*g**3/6 - 2*g**2 - 3. What is the remainder when w(-19) is divided by 54?
45
Let d be 4/14*1 - (-120)/21. Suppose 2*y - 2*q + d*q - 44 = 0, 4*y = -2*q + 64. What is the remainder when 24 is divided by y?
10
Let p(i) = -i**3 + 2*i**2 + i - 1. Suppose -7*n - 10 = -94. Suppose -4*w - 9 = 5*f, 2*w + 4*f + n = -0*f. What is the remainder when w is divided by p(2)?
0
Suppose -112*b + 17479 + 3014 = -13*b. What is the remainder when b is divided by (-530)/(-7) - 18/(-63)?
55
What is the remainder when (4 - 8/(-16))*2248/36 is divided by 135?
11
Let n(j) = j + 44. Suppose 0 = 3*p + 3*x - 33, 2*p - 5*x = 6 + 2. Let l be 3/(p/12)*-3. What is the remainder when n(l) is divided by 7?
4
Suppose -5*a = 20, -3*a - 18 - 6 = 3*x. Suppose -160 = -2*o + q, 3*q = -o + 56 + 38. What is the remainder when o is divided by 224/x*4/(-24)*3?
26
Suppose 66 + 14 = 5*m. Suppose -m*r + 20 = -12*r. Calculate the remainder when r is divided by 2.
1
Let j(u) = -u**3 + 7*u**2 + 3*u - 8. Suppose -5 = -97*s + 92*s. What is the remainder when j(7) is divided by s/(18/(-21) + 1)?
6
Let j(r) = 100*r**2 + 8*r + 2. Let s be j(-4). Suppose 1700 + s = 30*z. Calculate the remainder when z is divided by 33.
10
Let q = 17566 + -17482. Suppose y = 4*p - p - 7, 5*p - 25 = -y. Calculate the remainder when q is divided by y.
4
Suppose 5*i + 4*z = 5*z + 20, -3*z = i - 20. Suppose -i*l = -35 + 5. What is the remainder when (-3)/l*(-6 - 14) is divided by 7?
3
Let g = -23 - -32. Suppose 3*m = 2*u + 40, -3*m + 3*u + 32 = -u. What is the remainder when (-152)/(-6) - m/12 is divided by g?
6
Suppose 4*b - 628 = -0*c - 5*c, 4*b - c = 628. Suppose 7*h + 10 = b. Suppose -17*i - 240 = -21*i. What is the remainder when i is divided by h?
18
Suppose 0 = -2*s - 2, -14*r - 6 = -15*r - 5*s. What is the remainder when 940 is divided by r?
5
Let o(m) be the second derivative of -m**5/20 - 13*m**4/6 - 7*m**3/2 + 111*m**2/2 - 23*m. Calculate the remainder when 97 is divided by o(-25).
9
Let x be (-374)/(-10) + (-12)/30. Let y = 12 - x. Calculate the remainder when (-4)/8*2/(-1) - y is divided by 9.
8
Let t be 141/(-21) + 5 + (-111)/21. Calculate the remainder when 85 is divided by ((-154)/98)/(2 + 15/t).
8
Let h = 11492 + -11432. What is the remainder when 253 is divided by h?
13
Suppose 18121 = 104*r + 7201. Calculate the remainder when 2822 is divided by r.
92
Let y(l) = -l**2 + 53*l - 118. Suppose -3*d + 66 = -1323. Calculate the remainder when d is divided by y(49).
73
Suppose -5*n = -4*x + 1 - 131, 0 = 3*n + x - 95. Suppose 50*a = 56*a - n. Calculate the remainder when 14 is divided by a.
4
Let h(j) = j**3 - 35*j**2 - 41*j + 107. Let v be h(36). Let i = v + 100. What is the remainder when 161 is divided by i?
26
Let d = 34750 - 34737. What is the remainder when 3339 is divided by d?
11
Let v(a) = 2*a**2 + 2*a - 15. Let l(i) = 23*i**2 - 2*i - 1. Let b = -4 + 3. What is the remainder when v(-7) is divided by l(b)?
21
Let m(n) = 0*n**2 - 3*n**2 - 4 - 23*n + n**2. Calculate the remainder when m(-6) is divided by 1*3*6 - 2.
14
Let m = -78 + 80. Suppose -4*v + 3 = -w - 4, -5*v + 8 = -m*w. Suppose -84 = -6*j + v*j. Calculate the remainder when 78 is divided by j.
15
Let k = -1324 + 1341. Calculate the remainder when 622 is divided by k.
10
Suppose 2*a = 314 - 274. What is the remainder when 110 is divided by a?
10
Let i = 3 + -148. Let d = i + 173. Calculate the remainder when 124 is divided by d.
12
Let r(g) = 16*g + 415. What is the remainder when 280 is divided by r(-23)?
45
Suppose 172*d - 162*d + 2070 = 0. Let x = -171 - d. Calculate the remainder when 90 is divided by x.
18
Let c(f) = 16*f**2 - 4*f + 2. Let z be c(2). Let b = z - -17. Calculate the remainder when b is divided by 43/172 + 213/12 + 1.
18
Let s(k) = 4165*k**2 + 10*k - 7. Calculate the remainder when s(-1) is divided by 346.
342
Suppose -576 = 25*w - 28*w. Calculate the remainder when (1 - -1)*38112/w is divided by 16.
13
Let s = 1223 - 535. Let x(g) = g**2 + g - 41. What is the remainder when s is divided by x(-11)?
67
Let i = -241 - -245. Let m(u) = 2*u**3 - 6*u**2 + 4*u - 12. What is the remainder when m(i) is divided by (-1)/2 + 78/4?
17
Suppose 3*j + 112 = 115. Let g be -4 - (5 - j)*-2. Suppose g*i - 29 + 9 = 0. What is the remainder when 18 is divided by i?
3
Let z = 163 - 159. Suppose 4*d - 16 = -3*o, 0*o = z*d - 2*o - 16. Let u = 10 - 7. Calculate the remainder when d is divided by u.
1
Let s = -517 - -180. Let w = 383 + s. Calculate the remainder when w is divided by 8.
6
Let f(b) = -b**2 - 22*b + 65. Let l be f(13). Let y = l - -444. What is the remainder when 165 is divided by y?
3
Suppose -43*u = -45*u. Suppose 7*a - 5*a = u, -5*a = -4*q + 124. Calculate the remainder when q is divided by 26.
5
Let h(j) = 3*j**2 - 10*j + 19. Let f be h(11). Calculate the remainder when 26 is divided by 238/16 - (-34)/f.
11
Suppose 8*o + 4*v - 63 = 5*o, 5*v - 21 = -o. Suppose -4*g = -3*l + 4, -5*l + 5 = -5*g - 0*l. Let h = 12 - g. Calculate the remainder when o is divided by h.
8
What is the remainder when (-195)/(-2)*((-672)/(-72))/2